What is the remainder when w is divided by s?
5
Calculate the remainder when 92 is divided by 14 + 11 - (0 - -1).
20
Let v(u) = -3*u - 2. Let w(h) = h**2 - 4*h - 2. Let q be w(4). What is the remainder when 14 is divided by v(q)?
2
Let o = 16 + 113. Calculate the remainder when o is divided by 26.
25
Let y(n) = 16*n. Let q be (-2)/(-5) + 6/10. Let i = -14 + 20. Calculate the remainder when y(q) is divided by i.
4
Let a be (-162)/(-4) + (-3)/(-6). Suppose a = 2*o - 45. What is the remainder when o is divided by 11?
10
Let m(c) = 2*c**2 - 4*c - 4. What is the remainder when 22 is divided by m(4)?
10
Let p(r) be the first derivative of r**3/3 + r**2 + 2*r + 1. Suppose 22 = -5*g - 3. Calculate the remainder when p(g) is divided by 9.
8
Let v = 55 + -32. What is the remainder when v is divided by (16/(-3))/((-12)/18)?
7
Suppose -q + 4*q - 141 = 0. Calculate the remainder when q is divided by 12.
11
Let f = 62 + -42. Suppose 4*y + f = -y. Let k(m) = -m**3 - 2*m**2 + 4*m - 4. Calculate the remainder when 23 is divided by k(y).
11
Suppose 12 = -2*b - 0*b. Calculate the remainder when (-90)/(3 + b) + 4 is divided by 19.
15
Let c(h) = 10*h**2 - h + 1. Let s be c(1). Suppose -4*w - w = -s. Suppose w*k + 40 = 6*k. Calculate the remainder when 29 is divided by k.
9
Let t(q) be the second derivative of -4*q**3/3 - q. Let i = -13 - -35. Calculate the remainder when i is divided by t(-1).
6
Calculate the remainder when (-3)/(12/(-44)) - -3 is divided by 8.
6
Let n = 8 - 4. Suppose 3*w - 5*y - 150 = -2*y, n = -y. Calculate the remainder when w is divided by 12.
10
Let i be 0*((-12)/(-8) + -2). Suppose 4*g + 11 = -2*q + 43, i = -5*q + 4*g + 38. What is the remainder when 27 is divided by q?
7
Suppose q + 4 = 2*y - 0*q, -y + 2*q = -2. Let k be y/1 + 8/(-2). Let p = 5 + k. What is the remainder when 5 is divided by p?
2
Let g = -151 - -252. What is the remainder when g is divided by 15?
11
Let p(o) = o**3 + 11*o**2 - o + 6. Calculate the remainder when 0 - (-2 + 3) - -50 is divided by p(-11).
15
Suppose 5*i - 53 = 47. What is the remainder when (-76)/(-10)*(8 + -3) is divided by i?
18
Let u(q) = -3*q - 5 + 0*q**2 - 2*q + q**2 + 3*q. Let f = 50 + -35. Calculate the remainder when u(-6) is divided by f.
13
Let b = 1 - -1. Let l = 184 - 182. What is the remainder when b is divided by l?
0
Let w = 22 + -4. What is the remainder when w is divided by 6?
0
Suppose 2*j - 17 = 5*n + 12, 3*n + 63 = 5*j. Calculate the remainder when j is divided by 5.
2
Let z = -12 + 15. Suppose -3*h + 20 = d - 2, 0 = -4*d + h + 140. Suppose -4*l + 3*c = -d, -3*l = 3*c - 20 + 5. Calculate the remainder when l is divided by z.
1
Suppose -25 = -9*d + 4*d. Suppose -d*p - 100 = -5*c, 4*c + p = -0*c + 70. Calculate the remainder when c is divided by 10.
8
Suppose 16 = 8*b - 7*b + 4*r, b + r - 19 = 0. Calculate the remainder when 76 is divided by b.
16
Suppose 3*q + 4*g - 6*g - 183 = 0, g = -q + 56. Calculate the remainder when q is divided by 20.
19
Let y be (-2)/((-32)/14 + 2). Suppose -y*n + 3*n + 700 = 0. Suppose -7*v + 2*v + n = -2*z, 5*z = 3*v - 105. Calculate the remainder when v is divided by 12.
11
Let b = 26 + -9. What is the remainder when 48 is divided by b?
14
Let p = 4 + 3. Suppose -5*o - 22 = 13. Let r = 11 + o. What is the remainder when p is divided by r?
3
Suppose 6*p + n - 27 = 4*p, 0 = 2*n + 10. What is the remainder when p is divided by 4?
0
Suppose -5*q - 2 = -o, -5*q - 3*o + 5 = -1. Let t be (-1 - q)*-1 + 0. What is the remainder when 9 is divided by 0/3 - t - -6?
4
Let k be (-1 + -1 + 2)/(-2). Suppose 0 = -q + 5*x + 49, 3*q - 57 = -k*q - 3*x. Calculate the remainder when q is divided by 13.
11
Let f(k) = k**2 - 15*k - 40. Calculate the remainder when f(19) is divided by 13.
10
Calculate the remainder when ((-64)/5)/(10/(-25)) is divided by 19.
13
Suppose -4*f = 5*u - 0*f, -2*f = -4*u. Suppose u*d - 5*d = 0. Suppose d*b + 2*z + 5 = b, -5*b + z = -52. What is the remainder when 32 is divided by b?
10
Let d = 29 - 24. Suppose 10*k = 8*k + 16. What is the remainder when k is divided by d?
3
Let c be (-10912)/(-20) + 2/5. Let i be c/27 - 4/18. Let a = i - 10. Calculate the remainder when 28 is divided by a.
8
Let g(i) = 3*i**2 + 8*i + 2. Let h be ((-4)/2)/(10/(-15)). Suppose -3*c = 2*b - 50, 2*c - 29 = -0*b + h*b. What is the remainder when g(-6) is divided by c?
14
Let c = -40 - -59. Suppose -c = -4*l + 1. What is the remainder when 12 is divided by l?
2
Let p(o) = -o + 1. Let v be p(2). Calculate the remainder when 37 is divided by v/3 - (-40)/3.
11
Let p = 23 + -16. Suppose 115 = -2*k + 6*k - 3*q, 4*k - 5*q = 109. Suppose 4*t - k = -5*w, 2*w = 3*w + 4*t - 19. Calculate the remainder when p is divided by w.
1
Let h = 11 + -3. What is the remainder when 8/(-6)*(-21)/2 is divided by h?
6
What is the remainder when (-16)/88 + 1311/11 is divided by 8?
7
Let q = -12 + 25. Calculate the remainder when 70 is divided by q.
5
Let s(z) = -15*z**3 + 3*z**2 + z. Let d be s(-2). Suppose d = 4*c + c. Calculate the remainder when 49 is divided by c.
23
Let u(s) = -2*s + 6. What is the remainder when 38 is divided by u(-7)?
18
Let s(k) = -k**2 + 5*k + 6. Let w be s(5). Suppose 4*x = w + 2. Suppose x*a - 78 = -6. Calculate the remainder when a is divided by 19.
17
Let i be 2*(-3 + (-3 - -9)). Suppose 3*v - i*v + 75 = 0. Calculate the remainder when v is divided by 13.
12
Let a(h) = h - 2. Let t be a(2). Let o = 6 - t. Let b(f) = -f**3 - 3*f**2 - 3*f + 2. What is the remainder when b(-3) is divided by o?
5
Let i(j) = j**2 + 17*j + 16. What is the remainder when 57 is divided by i(-17)?
9
Let t(c) = -5*c - 29. Calculate the remainder when t(-14) is divided by 3.
2
Let v(h) = h**3 + 12*h**2 + 12*h + 15. Calculate the remainder when 14 is divided by v(-11).
2
Calculate the remainder when 14*(2 + 1 + 1 + -3) is divided by 3.
2
Let h(b) = -b**2 + 32*b + 59. Calculate the remainder when h(32) is divided by 10.
9
Let m = 38 - 20. Suppose 4*b - 34 = j, -2*b + m = -2*j - 2. What is the remainder when b is divided by (1 + (-4)/2)*-3?
2
Calculate the remainder when (12/8)/((-3)/(-64)) is divided by 7.
4
Let g = -38 + 47. What is the remainder when g is divided by 4?
1
Let l(d) = -14*d**3 - d**2. Calculate the remainder when (48/36)/(1/18) is divided by l(-1).
11
Let r = 32 - 23. Calculate the remainder when 16 is divided by r.
7
Suppose -l + 102 = 3*u, 2*l + 0*u = -2*u + 184. Calculate the remainder when l is divided by 31.
25
Let c(a) = -a**3 + 18*a**2 + 21*a - 26. Calculate the remainder when 119 is divided by c(19).
11
Let s(b) = -b**2 - 10*b - 7. Let r be s(-8). Calculate the remainder when 29 is divided by (6/4)/(r/48).
5
Let u = 63 + -55. What is the remainder when 29 is divided by u?
5
Suppose -20 = -5*t + 5. Suppose -s - r - 119 = -t*s, 0 = 5*s + r - 142. Calculate the remainder when s is divided by 10.
9
Let w be ((-16)/(-10))/((-8)/(-20)). Suppose -4*t + w*z + 99 = -9, -t - 2*z + 15 = 0. Let u = t + -12. What is the remainder when u is divided by 4?
3
Let y be 5*(-2 + 1)*-1. Let c = y - -4. Suppose 5*d - 76 = c. What is the remainder when d is divided by 6?
5
Suppose -2*v - 3*s = -v - 8, -3*s - 15 = 0. Suppose v = 2*z - z. Let o(l) = 12*l**2 - l + 1. Calculate the remainder when z is divided by o(1).
11
Let k(q) = -q**2 + 2*q. Let a be k(2). Suppose a*l = 2*l - 30. Suppose 12 + 17 = c. Calculate the remainder when c is divided by l.
14
Let j(d) = 6*d + 6. Suppose -3*b + 30 = -x + 12, 0 = 4*b - 4*x - 32. What is the remainder when 69 is divided by j(b)?
33
Let q = 8 + -5. Suppose 0*y - q = -y. What is the remainder when 1*(3/y - -7) is divided by 3?
2
Let x = 116 + -2. Calculate the remainder when x is divided by 13.
10
Let c(o) = -5*o**3 - o - 1. Suppose -y + 2 = t - 1, 2*t - 4 = -y. Suppose 2 = -g + y*g. Calculate the remainder when c(-1) is divided by g.
1
Let c = 5 - -5. Calculate the remainder when 38 is divided by c.
8
Suppose 8 = -u + 5*u, -184 = -2*l + 4*u. Suppose -3*i + l = i. Suppose c - 2*c + i = 0. What is the remainder when 47 is divided by c?
23
Suppose 4*h - 4 - 4 = 0. Let k = 2 + h. Calculate the remainder when k is divided by -3*2/6*-2.
0
Let i be 0 + 1 + 30 + 0. Let h = i + -3. What is the remainder when h is divided by 8?
4
Let s(a) = -a**3 - 8*a**2 - 2*a - 5. Suppose 5*